{"id":65,"date":"2012-06-16T15:59:51","date_gmt":"2012-06-16T15:59:51","guid":{"rendered":"http:\/\/www.gentedemente.info\/?page_id=65"},"modified":"2025-12-16T11:27:25","modified_gmt":"2025-12-16T14:27:25","slug":"marca","status":"publish","type":"page","link":"https:\/\/www.gentedemente.info\/?page_id=65","title":{"rendered":"Marca"},"content":{"rendered":"\n<h2 class=\"wp-block-heading\"><strong>Las marcas no se consumen. Se viven.<\/strong><\/h2>\n\n\n\n<p>En Gentedemente entendemos<strong> las marcas como consumos culturales.<\/strong><br>No son solo activos comerciales: son <strong>lenguajes, s\u00edmbolos y experiencias<\/strong> que las personas usan para <strong>vincularse, expresarse, pertenecer y sentir.<\/strong><\/p>\n\n\n\n<p>El consumo de marca es siempre un acto social y cultural. <\/p>\n\n\n\n<p>A trav\u00e9s de las marcas, lxs consumidorxs construyen <strong>identidad<\/strong>, negocian su lugar en el mundo y buscan experiencias que les generen s<strong>entido, placer y coherencia personal.<\/strong><\/p>\n\n\n\n<p>Por eso, construir marca no es definir un logo ni redactar un claim.<br>Es entender profundamente el mundo del consumidor y el rol simb\u00f3lico que la marca puede \u2014y debe\u2014 ocupar en \u00e9l.<\/p>\n\n\n\n<h3 class=\"wp-block-heading\">Marcas en contexto<\/h3>\n\n\n\n<p>Trabajamos para identificar qu\u00e9 le pasa hoy a lxs consumidorxs, qu\u00e9 <strong>tensiones culturales<\/strong> los atraviesan y qu\u00e9 <strong>necesidades \u2014materiales, emocionales y simb\u00f3licas<\/strong>\u2014 buscan resolver. Analizamos <strong>c\u00f3mo las marcas dialogan, compiten y se superponen<\/strong> en un mismo universo de significados, incluso m\u00e1s all\u00e1 de su categor\u00eda.<\/p>\n\n\n\n<h3 class=\"wp-block-heading\">Estrategia marcaria con mirada cultural<\/h3>\n\n\n\n<p><strong>Dise\u00f1amos estrategias de marca<\/strong> que ordenan, diferencian y proyectan. Desde <strong>auditor\u00edas <\/strong>y diagn\u00f3sticos culturales hasta procesos de <strong>(re)posicionamiento, <\/strong>relanzamiento y <strong>brand stretching<\/strong>, para lograr que las marcas a ocupen espacios simb\u00f3licos <strong>relevantes y sostenibles en el tiempo<\/strong>.<\/p>\n\n\n\n<h3 class=\"wp-block-heading\">Herramientas para construir sentido<\/h3>\n\n\n\n<p>Integramos <strong>buyer personas vivas, consumidores sint\u00e9ticos, segmentaciones culturales y planificaci\u00f3n estrat\u00e9gica<\/strong> para traducir comprensi\u00f3n profunda en decisiones claras. No construimos marcas para decir algo: las construimos para que sean usadas, sentidas y elegidas.<\/p>\n\n\n\n<p>Las marcas fuertes no solo se reconocen. Se apropian.<br>Y cuando eso sucede, dejan de competir solo por atenci\u00f3n y empiezan a competir por significado.<\/p>\n\n\n\n<hr class=\"wp-block-separator has-alpha-channel-opacity\" style=\"margin-top:var(--wp--preset--spacing--x-small);margin-bottom:var(--wp--preset--spacing--x-small)\"\/>\n\n\n\n<hr class=\"wp-block-separator has-alpha-channel-opacity\"\/>\n\n\n\n<div class=\"wp-block-query is-layout-flow wp-block-query-is-layout-flow\"><ul class=\"columns-3 wp-block-post-template is-layout-grid wp-container-core-post-template-is-layout-fd2e0fbc wp-block-post-template-is-layout-grid\"><li class=\"wp-block-post post-1146 post type-post status-publish format-standard has-post-thumbnail hentry category-marca category-noticias category-proposito category-research category-tendencias\">\n\n<div class=\"wp-block-group blog-box has-background has-global-padding is-layout-constrained wp-container-core-group-is-layout-14bf73ab wp-block-group-is-layout-constrained\" style=\"border-style:none;border-width:0px;border-top-left-radius:16px;border-top-right-radius:16px;border-bottom-left-radius:16px;border-bottom-right-radius:16px;background-color:#ffffffd1;padding-top:0;padding-bottom:0\">\n<div class=\"wp-block-group blog-image has-secaccent-background-color has-background has-global-padding is-layout-constrained wp-container-core-group-is-layout-f5c98baf wp-block-group-is-layout-constrained\" style=\"border-top-left-radius:30px;border-top-right-radius:30px;border-bottom-left-radius:0px;border-bottom-right-radius:0px;padding-top:0px;padding-right:0px;padding-bottom:0px;padding-left:0px\"><figure style=\"aspect-ratio:3\/2; margin-top:0;margin-bottom:0;\" class=\"wp-block-post-featured-image\"><a href=\"https:\/\/www.gentedemente.info\/?p=1146\" target=\"_self\"  ><img loading=\"lazy\" decoding=\"async\" width=\"1487\" height=\"745\" src=\"https:\/\/www.gentedemente.info\/wp-content\/uploads\/2025\/12\/WhatsApp-Image-2025-10-17-at-09.46.05_4dadd15d-e1764699757538.jpg\" class=\"attachment-post-thumbnail size-post-thumbnail wp-post-image\" alt=\"Reputaci\u00f3n Sustentable: el \u00edndice que las marcas necesitan mirar\" style=\"border-top-left-radius:24px;border-bottom-left-radius:0px;border-top-right-radius:24px;width:100%;height:100%;object-fit:cover;\" srcset=\"https:\/\/www.gentedemente.info\/wp-content\/uploads\/2025\/12\/WhatsApp-Image-2025-10-17-at-09.46.05_4dadd15d-e1764699757538.jpg 1487w, https:\/\/www.gentedemente.info\/wp-content\/uploads\/2025\/12\/WhatsApp-Image-2025-10-17-at-09.46.05_4dadd15d-e1764699757538-300x150.jpg 300w, https:\/\/www.gentedemente.info\/wp-content\/uploads\/2025\/12\/WhatsApp-Image-2025-10-17-at-09.46.05_4dadd15d-e1764699757538-1024x513.jpg 1024w, https:\/\/www.gentedemente.info\/wp-content\/uploads\/2025\/12\/WhatsApp-Image-2025-10-17-at-09.46.05_4dadd15d-e1764699757538-768x385.jpg 768w\" sizes=\"auto, (max-width: 1487px) 100vw, 1487px\" \/><\/a><\/figure><\/div>\n\n\n\n<div class=\"wp-block-group blog-content has-global-padding is-layout-constrained wp-container-core-group-is-layout-b9b1fdc2 wp-block-group-is-layout-constrained\" style=\"border-style:none;border-width:0px;border-top-left-radius:0px;border-top-right-radius:20px;border-bottom-left-radius:0px;border-bottom-right-radius:20px;margin-top:0;margin-bottom:0;padding-top:20px;padding-right:30px;padding-bottom:20px;padding-left:30px\">\n<div class=\"wp-block-group blog-meta has-secondary-color has-text-color has-link-color has-roboto-flex-font-family wp-elements-7a45679e4df06eacae425166408abb0c is-content-justification-space-between is-nowrap is-layout-flex wp-container-core-group-is-layout-cb46ffcb wp-block-group-is-layout-flex\" style=\"font-size:18px;font-style:normal;font-weight:500\"><div class=\"wp-block-post-date\"><time datetime=\"2025-10-17T12:48:00-03:00\">17 Oct,  2025<\/time><\/div>\n\n<\/div>\n\n\n<h2 style=\"font-size:25px;font-style:normal;font-weight:600;\" class=\"has-link-color wp-elements-5644aeaafee0ab5cc59d495f67056d58 wp-block-post-title has-text-color has-secondary-one-color has-rajdhani-font-family\"><a href=\"https:\/\/www.gentedemente.info\/?p=1146\" target=\"_self\" >Reputaci\u00f3n Sustentable: el \u00edndice que las marcas necesitan mirar<\/a><\/h2>\n\n<div style=\"color:#737b8f; font-size:17px;font-style:normal;font-weight:400;\" class=\"has-link-color wp-elements-108bb6f95fcfd61636f98939d7c9cab8 wp-block-post-excerpt has-text-color has-roboto-flex-font-family\"><p class=\"wp-block-post-excerpt__excerpt\">Presentamos en el Congreso SAIMO\u2013CEIM una idea que venimos trabajando hace tiempo y que hoy&hellip; <\/p><\/div>\n\n<a style=\"font-size:18px;font-style:normal;font-weight:600;\" class=\"wp-elements-eff302e9f3eb496688ad88f5eeb628de wp-block-read-more has-text-color has-secondary-accent-text-color has-rajdhani-font-family\" href=\"https:\/\/www.gentedemente.info\/?p=1146\" target=\"_self\">Leer m\u00e1s<span class=\"screen-reader-text\">: Reputaci\u00f3n Sustentable: el \u00edndice que las marcas necesitan mirar<\/span><\/a><\/div>\n<\/div>\n\n<\/li><li class=\"wp-block-post post-1142 post type-post status-publish format-standard has-post-thumbnail hentry category-comunicacion category-estrategia category-marca category-noticias\">\n\n<div class=\"wp-block-group blog-box has-background has-global-padding is-layout-constrained wp-container-core-group-is-layout-14bf73ab wp-block-group-is-layout-constrained\" style=\"border-style:none;border-width:0px;border-top-left-radius:16px;border-top-right-radius:16px;border-bottom-left-radius:16px;border-bottom-right-radius:16px;background-color:#ffffffd1;padding-top:0;padding-bottom:0\">\n<div class=\"wp-block-group blog-image has-secaccent-background-color has-background has-global-padding is-layout-constrained wp-container-core-group-is-layout-f5c98baf wp-block-group-is-layout-constrained\" style=\"border-top-left-radius:30px;border-top-right-radius:30px;border-bottom-left-radius:0px;border-bottom-right-radius:0px;padding-top:0px;padding-right:0px;padding-bottom:0px;padding-left:0px\"><figure style=\"aspect-ratio:3\/2; margin-top:0;margin-bottom:0;\" class=\"wp-block-post-featured-image\"><a href=\"https:\/\/www.gentedemente.info\/?p=1142\" target=\"_self\"  ><img loading=\"lazy\" decoding=\"async\" width=\"750\" height=\"640\" src=\"https:\/\/www.gentedemente.info\/wp-content\/uploads\/2025\/07\/02-gancia0-750x640-1.jpg\" class=\"attachment-post-thumbnail size-post-thumbnail wp-post-image\" alt=\"Tenemos el producto&#8230; \u00bfy si le buscamos un posicionamiento?\" style=\"border-top-left-radius:24px;border-bottom-left-radius:0px;border-top-right-radius:24px;width:100%;height:100%;object-fit:cover;\" srcset=\"https:\/\/www.gentedemente.info\/wp-content\/uploads\/2025\/07\/02-gancia0-750x640-1.jpg 750w, https:\/\/www.gentedemente.info\/wp-content\/uploads\/2025\/07\/02-gancia0-750x640-1-300x256.jpg 300w\" sizes=\"auto, (max-width: 750px) 100vw, 750px\" \/><\/a><\/figure><\/div>\n\n\n\n<div class=\"wp-block-group blog-content has-global-padding is-layout-constrained wp-container-core-group-is-layout-b9b1fdc2 wp-block-group-is-layout-constrained\" style=\"border-style:none;border-width:0px;border-top-left-radius:0px;border-top-right-radius:20px;border-bottom-left-radius:0px;border-bottom-right-radius:20px;margin-top:0;margin-bottom:0;padding-top:20px;padding-right:30px;padding-bottom:20px;padding-left:30px\">\n<div class=\"wp-block-group blog-meta has-secondary-color has-text-color has-link-color has-roboto-flex-font-family wp-elements-7a45679e4df06eacae425166408abb0c is-content-justification-space-between is-nowrap is-layout-flex wp-container-core-group-is-layout-cb46ffcb wp-block-group-is-layout-flex\" style=\"font-size:18px;font-style:normal;font-weight:500\"><div class=\"wp-block-post-date\"><time datetime=\"2025-07-31T14:12:14-03:00\">31 Jul,  2025<\/time><\/div>\n\n<\/div>\n\n\n<h2 style=\"font-size:25px;font-style:normal;font-weight:600;\" class=\"has-link-color wp-elements-5644aeaafee0ab5cc59d495f67056d58 wp-block-post-title has-text-color has-secondary-one-color has-rajdhani-font-family\"><a href=\"https:\/\/www.gentedemente.info\/?p=1142\" target=\"_self\" >Tenemos el producto&#8230; \u00bfy si le buscamos un posicionamiento?<\/a><\/h2>\n\n<div style=\"color:#737b8f; font-size:17px;font-style:normal;font-weight:400;\" class=\"has-link-color wp-elements-108bb6f95fcfd61636f98939d7c9cab8 wp-block-post-excerpt has-text-color has-roboto-flex-font-family\"><p class=\"wp-block-post-excerpt__excerpt\">Hay proyectos que nos entusiasman, pero que sus resultados se hacen esperar&#8230; Este es uno&hellip; <\/p><\/div>\n\n<a style=\"font-size:18px;font-style:normal;font-weight:600;\" class=\"wp-elements-eff302e9f3eb496688ad88f5eeb628de wp-block-read-more has-text-color has-secondary-accent-text-color has-rajdhani-font-family\" href=\"https:\/\/www.gentedemente.info\/?p=1142\" target=\"_self\">Leer m\u00e1s<span class=\"screen-reader-text\">: Tenemos el producto&#8230; \u00bfy si le buscamos un posicionamiento?<\/span><\/a><\/div>\n<\/div>\n\n<\/li><li class=\"wp-block-post post-1072 post type-post status-publish format-standard has-post-thumbnail hentry category-marca category-research\">\n\n<div class=\"wp-block-group blog-box has-background has-global-padding is-layout-constrained wp-container-core-group-is-layout-14bf73ab wp-block-group-is-layout-constrained\" style=\"border-style:none;border-width:0px;border-top-left-radius:16px;border-top-right-radius:16px;border-bottom-left-radius:16px;border-bottom-right-radius:16px;background-color:#ffffffd1;padding-top:0;padding-bottom:0\">\n<div class=\"wp-block-group blog-image has-secaccent-background-color has-background has-global-padding is-layout-constrained wp-container-core-group-is-layout-f5c98baf wp-block-group-is-layout-constrained\" style=\"border-top-left-radius:30px;border-top-right-radius:30px;border-bottom-left-radius:0px;border-bottom-right-radius:0px;padding-top:0px;padding-right:0px;padding-bottom:0px;padding-left:0px\"><figure style=\"aspect-ratio:3\/2; margin-top:0;margin-bottom:0;\" class=\"wp-block-post-featured-image\"><a href=\"https:\/\/www.gentedemente.info\/?p=1072\" target=\"_self\"  ><img loading=\"lazy\" decoding=\"async\" width=\"685\" height=\"681\" src=\"https:\/\/www.gentedemente.info\/wp-content\/uploads\/2024\/12\/Screenshot-2024-12-27-204330.png\" class=\"attachment-post-thumbnail size-post-thumbnail wp-post-image\" alt=\"El futuro del planning estrat\u00e9gico\" style=\"border-top-left-radius:24px;border-bottom-left-radius:0px;border-top-right-radius:24px;width:100%;height:100%;object-fit:cover;\" srcset=\"https:\/\/www.gentedemente.info\/wp-content\/uploads\/2024\/12\/Screenshot-2024-12-27-204330.png 685w, https:\/\/www.gentedemente.info\/wp-content\/uploads\/2024\/12\/Screenshot-2024-12-27-204330-300x298.png 300w, https:\/\/www.gentedemente.info\/wp-content\/uploads\/2024\/12\/Screenshot-2024-12-27-204330-150x150.png 150w\" sizes=\"auto, (max-width: 685px) 100vw, 685px\" \/><\/a><\/figure><\/div>\n\n\n\n<div class=\"wp-block-group blog-content has-global-padding is-layout-constrained wp-container-core-group-is-layout-b9b1fdc2 wp-block-group-is-layout-constrained\" style=\"border-style:none;border-width:0px;border-top-left-radius:0px;border-top-right-radius:20px;border-bottom-left-radius:0px;border-bottom-right-radius:20px;margin-top:0;margin-bottom:0;padding-top:20px;padding-right:30px;padding-bottom:20px;padding-left:30px\">\n<div class=\"wp-block-group blog-meta has-secondary-color has-text-color has-link-color has-roboto-flex-font-family wp-elements-7a45679e4df06eacae425166408abb0c is-content-justification-space-between is-nowrap is-layout-flex wp-container-core-group-is-layout-cb46ffcb wp-block-group-is-layout-flex\" style=\"font-size:18px;font-style:normal;font-weight:500\"><div class=\"wp-block-post-date\"><time datetime=\"2024-11-12T20:43:49-03:00\">12 Nov,  2024<\/time><\/div>\n\n<\/div>\n\n\n<h2 style=\"font-size:25px;font-style:normal;font-weight:600;\" class=\"has-link-color wp-elements-5644aeaafee0ab5cc59d495f67056d58 wp-block-post-title has-text-color has-secondary-one-color has-rajdhani-font-family\"><a href=\"https:\/\/www.gentedemente.info\/?p=1072\" target=\"_self\" >El futuro del planning estrat\u00e9gico<\/a><\/h2>\n\n<div style=\"color:#737b8f; font-size:17px;font-style:normal;font-weight:400;\" class=\"has-link-color wp-elements-108bb6f95fcfd61636f98939d7c9cab8 wp-block-post-excerpt has-text-color has-roboto-flex-font-family\"><p class=\"wp-block-post-excerpt__excerpt\">Las c\u00e1maras y asociaciones profesionales dedicadas al planeamiento estrat\u00e9gico desarrollaron un estudio \u201cEl Futuro de&hellip; <\/p><\/div>\n\n<a style=\"font-size:18px;font-style:normal;font-weight:600;\" class=\"wp-elements-eff302e9f3eb496688ad88f5eeb628de wp-block-read-more has-text-color has-secondary-accent-text-color has-rajdhani-font-family\" href=\"https:\/\/www.gentedemente.info\/?p=1072\" target=\"_self\">Leer m\u00e1s<span class=\"screen-reader-text\">: El futuro del planning estrat\u00e9gico<\/span><\/a><\/div>\n<\/div>\n\n<\/li><\/ul>\n\n<\/div>\n","protected":false},"excerpt":{"rendered":"<p>Las marcas no se consumen. Se viven. En Gentedemente entendemos las marcas como consumos culturales.No son solo activos comerciales: son lenguajes, s\u00edmbolos y experiencias que las personas usan para vincularse, expresarse, pertenecer y sentir. El consumo de marca es siempre un acto social y cultural. A trav\u00e9s de las marcas, lxs consumidorxs construyen identidad, negocian [&hellip;]<\/p>\n","protected":false},"author":1,"featured_media":668,"parent":0,"menu_order":0,"comment_status":"closed","ping_status":"closed","template":"","meta":{"footnotes":""},"class_list":["post-65","page","type-page","status-publish","has-post-thumbnail","hentry"],"_links":{"self":[{"href":"https:\/\/www.gentedemente.info\/index.php?rest_route=\/wp\/v2\/pages\/65","targetHints":{"allow":["GET"]}}],"collection":[{"href":"https:\/\/www.gentedemente.info\/index.php?rest_route=\/wp\/v2\/pages"}],"about":[{"href":"https:\/\/www.gentedemente.info\/index.php?rest_route=\/wp\/v2\/types\/page"}],"author":[{"embeddable":true,"href":"https:\/\/www.gentedemente.info\/index.php?rest_route=\/wp\/v2\/users\/1"}],"replies":[{"embeddable":true,"href":"https:\/\/www.gentedemente.info\/index.php?rest_route=%2Fwp%2Fv2%2Fcomments&post=65"}],"version-history":[{"count":14,"href":"https:\/\/www.gentedemente.info\/index.php?rest_route=\/wp\/v2\/pages\/65\/revisions"}],"predecessor-version":[{"id":1556,"href":"https:\/\/www.gentedemente.info\/index.php?rest_route=\/wp\/v2\/pages\/65\/revisions\/1556"}],"wp:featuredmedia":[{"embeddable":true,"href":"https:\/\/www.gentedemente.info\/index.php?rest_route=\/wp\/v2\/media\/668"}],"wp:attachment":[{"href":"https:\/\/www.gentedemente.info\/index.php?rest_route=%2Fwp%2Fv2%2Fmedia&parent=65"}],"curies":[{"name":"wp","href":"https:\/\/api.w.org\/{rel}","templated":true}]}}