{"id":35,"date":"2012-06-12T03:31:21","date_gmt":"2012-06-12T03:31:21","guid":{"rendered":"http:\/\/www.gentedemente.info\/?page_id=35"},"modified":"2025-12-17T20:13:51","modified_gmt":"2025-12-17T23:13:51","slug":"nosotros","status":"publish","type":"page","link":"https:\/\/www.gentedemente.info\/?page_id=35","title":{"rendered":"\u00bfQui\u00e9nes somos?"},"content":{"rendered":"\n<p style=\"padding-top:0;padding-bottom:0\">Somos un grupo de gente inquieta, que hicimos de<strong> ayudar a las marcas a conectar con personas<\/strong> consumidoras nuestra profesi\u00f3n.<\/p>\n\n\n\n<p style=\"padding-top:0;padding-bottom:0\">Llevamos a\u00f1os en el mercado, trabajando con <strong>marcas, empresas y organizaciones de primera l\u00ednea en todo el continente.<\/strong><\/p>\n\n\n\n<p style=\"padding-top:0;padding-bottom:0\"><strong>Combinamos saber y experiencia de distintas \u00e1reas<\/strong>. De filosof\u00eda a administraci\u00f3n de empresas. Desde comunicaci\u00f3n y hasta ciencias pol\u00edticas. Alg\u00fan que otro coach, un geek, y m\u00e1s de uno con una veta art\u00edstica.<\/p>\n\n\n\n<p style=\"padding-top:0;padding-bottom:0\">Nos unen las ganas de <strong>trabajar disfrutando de lo que hacemos<\/strong> y del tiempo que pasamos juntos.<\/p>\n\n\n\n<p style=\"padding-top:0;padding-bottom:0\"><strong>Nos apasiona aprender<\/strong> y creemos en abordar cada proyecto como una oportunidad para hacerlo.<\/p>\n\n\n\n<p style=\"padding-top:0;padding-bottom:0\"><strong>Buscamos nuevas experiencias y formas de hacer las cosas<\/strong>, alimentando permanentemente nuestro esp\u00edritu creativo.<\/p>\n\n\n\n<p style=\"padding-top:0;padding-bottom:0\">Y hacemos todo esto en un marco de profesionalidad, construyendo una experiencia que, <strong>m\u00e1s que un trabajo, es una forma de vida.<\/strong><\/p>\n\n\n\n<h2 class=\"wp-block-heading\">\u00bfQu\u00e9 hacemos?<\/h2>\n\n\n\n<p>Somos tu <strong>partner estrat\u00e9gico<\/strong> para detectar<strong> insights accionables<\/strong> y significativos a trav\u00e9s de <strong>metodolog\u00edas de investigaci\u00f3n innovadoras<\/strong>.<\/p>\n\n\n\n<p>Lideramos procesos de<strong> Design Thinking y Lean Innovation<\/strong> aplicados a <strong>desarrollo de productos, posicionamientos, comunicaci\u00f3n y procesos de negocio.<\/strong><\/p>\n\n\n\n<h2 class=\"wp-block-heading\">\u00bfQu\u00e9 nos impulsa?<\/h2>\n\n\n\n<p>Nuestra visi\u00f3n es generar di\u00e1logos genuinos entre marcas y consumidorxs a trav\u00e9s de activaciones digitales (y de las otras tambi\u00e9n), creando potentes oportunidades de inmersi\u00f3n en el mundo de las personas consumidorxs.<\/p>\n\n\n\n<p>Nuestra misi\u00f3n es ayudar a las empresas a construir con prop\u00f3sito, con impacto real en la comunidad y en el mundo.<\/p>\n\n\n\n<h2 class=\"wp-block-heading\">\u00bfC\u00f3mo pensamos?<\/h2>\n\n\n\n<p>La investigaci\u00f3n de mercados nace en el mundo moderno. Y con una mirada a nuestro alrededor, nos damos cuenta que ya no vivimos en ese mundo.<\/p>\n\n\n\n<p>Vivimos en el mundo de la posmodernidad l\u00edquida, donde la\u00a0<strong>aceleraci\u00f3n<\/strong>\u00a0es la \u00fanica constante.<\/p>\n\n\n\n<p><strong>Procesos cada vez m\u00e1s r\u00e1pidos, que exigen organizaciones cada vez m\u00e1s eficientes y optimizadas<\/strong><\/p>\n\n\n\n<p>Y miramos a nuestro alrededor, y vemos como las tendencias y desarrollos propios de la<strong>&nbsp;cultura digital<\/strong>&nbsp;son los que definen la arquitectura de nuestra sociedad.<\/p>\n\n\n\n<p>Por eso miramos ah\u00ed a la hora de inspirarnos. Y encontramos algunos keywords interesantes.<\/p>\n\n\n\n<p><strong>Tiempo real. Fluidez. Cultura Beta. Descentralizaci\u00f3n. Networking. Design Thinking.&nbsp;Metodolog\u00edas \u00e1giles. &nbsp;Lean Startup.<\/strong><\/p>\n\n\n\n<p>Nos centramos construir conocimiento accionable cargado de contenidos relevantes y desarrollado en los tiempos que nuestros clientes requieren. &nbsp;De eso se trata \u201c<strong>tiempo rea<\/strong>l\u201d.<\/p>\n\n\n\n<p>Sabemos de las necesidades cambiantes de nuestros clientes, que a veces redefinen los objetivos de una investigaci\u00f3n cuando la misma ya est\u00e1 en marcha. Algunos lo llaman desorganizaci\u00f3n. Nosotros lo llamamos \u201c<strong>fluidez<\/strong>\u201d.<\/p>\n\n\n\n<p><strong>No creemos en equivocarnos, sino en explorar constantemente alternativas<\/strong>. En eso consiste la \u201c<strong>cultura beta<\/strong>\u201d. Productos e ideas que est\u00e1n en constante evoluci\u00f3n. Un proceso continuo, donde permanentemente se mejora aquello que pueda ser mejorado, dando muchos pero peque\u00f1os pasos. Y para eso debemos arriesgarnos y decir lo que pensamos en etapas tempranas del proceso de investigaci\u00f3n, para incorporar el feedback del cliente lo antes posible.<\/p>\n\n\n\n<p>Porque&nbsp;<strong>nadie sabe m\u00e1s del negocio que el propio cliente<\/strong>. Por eso debe ser parte del proceso de an\u00e1lisis en todas sus etapas. Queremos conversar con el d\u00eda a d\u00eda, pensando juntos el significado de los datos que recopilamos. Definiendo juntos la direcci\u00f3n del an\u00e1lisis. No nos creemos expertos, sino facilitadores.<\/p>\n\n\n\n<p>Sabemos del&nbsp;<strong>valor del trabajo en equipo<\/strong>, y de la importancia de construir el mejor equipo para cada proyecto. Y sabemos que los mejores equipos se construyen a partir de&nbsp;<strong>redes abiertas, de talentos que circulan<\/strong>&nbsp;por distintos lugares, enriqueci\u00e9ndose en cada experiencia. De eso se trata la&nbsp;<strong>descentralizaci\u00f3n<\/strong>&nbsp;y el&nbsp;<strong>networking<\/strong>.<\/p>\n\n\n\n<p>Y aprendimos que hay otras formas de organizar los proyectos, pensando en&nbsp;<strong>cortos ciclos de iteraciones sucesivas con un constante replanteo y validaci\u00f3n de hip\u00f3tesis<\/strong>, en constante comunicaci\u00f3n con el cliente y trabajando para optimizar los procesos eliminando el desperdicio. Ese es el mindset del&nbsp;<strong>Design Thinking, Metodolog\u00edas \u00c1giles y el Lean Startup<\/strong>.<\/p>\n\n\n\n<p>As\u00ed pensamos.<\/p>\n\n\n\n<p>As\u00ed hacemos.<\/p>\n\n\n\n<p>As\u00ed trabajamos.<\/p>\n","protected":false},"excerpt":{"rendered":"<p>Somos un grupo de gente inquieta, que hicimos de ayudar a las marcas a conectar con personas consumidoras nuestra profesi\u00f3n. Llevamos a\u00f1os en el mercado, trabajando con marcas, empresas y organizaciones de primera l\u00ednea en todo el continente. Combinamos saber y experiencia de distintas \u00e1reas. De filosof\u00eda a administraci\u00f3n de empresas. Desde comunicaci\u00f3n y hasta [&hellip;]<\/p>\n","protected":false},"author":1,"featured_media":1397,"parent":0,"menu_order":0,"comment_status":"closed","ping_status":"closed","template":"page-no-gap","meta":{"footnotes":""},"class_list":["post-35","page","type-page","status-publish","has-post-thumbnail","hentry"],"_links":{"self":[{"href":"https:\/\/www.gentedemente.info\/index.php?rest_route=\/wp\/v2\/pages\/35","targetHints":{"allow":["GET"]}}],"collection":[{"href":"https:\/\/www.gentedemente.info\/index.php?rest_route=\/wp\/v2\/pages"}],"about":[{"href":"https:\/\/www.gentedemente.info\/index.php?rest_route=\/wp\/v2\/types\/page"}],"author":[{"embeddable":true,"href":"https:\/\/www.gentedemente.info\/index.php?rest_route=\/wp\/v2\/users\/1"}],"replies":[{"embeddable":true,"href":"https:\/\/www.gentedemente.info\/index.php?rest_route=%2Fwp%2Fv2%2Fcomments&post=35"}],"version-history":[{"count":6,"href":"https:\/\/www.gentedemente.info\/index.php?rest_route=\/wp\/v2\/pages\/35\/revisions"}],"predecessor-version":[{"id":1416,"href":"https:\/\/www.gentedemente.info\/index.php?rest_route=\/wp\/v2\/pages\/35\/revisions\/1416"}],"wp:featuredmedia":[{"embeddable":true,"href":"https:\/\/www.gentedemente.info\/index.php?rest_route=\/wp\/v2\/media\/1397"}],"wp:attachment":[{"href":"https:\/\/www.gentedemente.info\/index.php?rest_route=%2Fwp%2Fv2%2Fmedia&parent=35"}],"curies":[{"name":"wp","href":"https:\/\/api.w.org\/{rel}","templated":true}]}}