{"id":1315,"date":"2025-12-10T15:15:35","date_gmt":"2025-12-10T18:15:35","guid":{"rendered":"https:\/\/www.gentedemente.info\/?page_id=1315"},"modified":"2025-12-16T11:20:05","modified_gmt":"2025-12-16T14:20:05","slug":"noticias","status":"publish","type":"page","link":"https:\/\/www.gentedemente.info\/?page_id=1315","title":{"rendered":"Novedades"},"content":{"rendered":"\n<main class=\"wp-block-group choose-us-main has-global-padding is-layout-constrained wp-container-core-group-is-layout-4e20aedf wp-block-group-is-layout-constrained\" style=\"border-style:none;border-width:0px;border-radius:0px;margin-top:0;margin-bottom:0;padding-top:50px;padding-right:0;padding-bottom:50px;padding-left:0\">\n<main class=\"wp-block-group why-choose-us has-global-padding is-layout-constrained wp-container-core-group-is-layout-e6ba069f wp-block-group-is-layout-constrained\" style=\"border-radius:20px;margin-top:0px;padding-top:40px;padding-right:0;padding-bottom:40px;padding-left:0\">\n<div class=\"wp-block-group blog-group has-global-padding is-layout-constrained wp-container-core-group-is-layout-d042127f wp-block-group-is-layout-constrained\" style=\"margin-top:30px\">\n<div class=\"wp-block-query is-layout-flow wp-block-query-is-layout-flow\"><ul class=\"columns-3 wp-block-post-template is-layout-grid wp-container-core-post-template-is-layout-fd2e0fbc wp-block-post-template-is-layout-grid\"><li class=\"wp-block-post post-1699 post type-post status-publish format-standard has-post-thumbnail hentry category-uncategorized\">\n\n<div class=\"wp-block-group blog-box has-background has-global-padding is-layout-constrained wp-container-core-group-is-layout-14bf73ab wp-block-group-is-layout-constrained\" style=\"border-style:none;border-width:0px;border-radius:24px;background-color:#ffffffd1;padding-top:0;padding-bottom:0\">\n<div class=\"wp-block-group blog-image has-secaccent-background-color has-background has-global-padding is-layout-constrained wp-container-core-group-is-layout-f5c98baf wp-block-group-is-layout-constrained\" style=\"border-top-left-radius:30px;border-top-right-radius:30px;border-bottom-left-radius:0px;border-bottom-right-radius:0px;padding-top:0px;padding-right:0px;padding-bottom:0px;padding-left:0px\"><figure style=\"margin-top:0;margin-bottom:0;\" class=\"wp-block-post-featured-image\"><a href=\"https:\/\/www.gentedemente.info\/?p=1699\" target=\"_self\"  ><img loading=\"lazy\" decoding=\"async\" width=\"1080\" height=\"1350\" src=\"https:\/\/www.gentedemente.info\/wp-content\/uploads\/2026\/04\/ARTIFICIALMENTE-5.png\" class=\"attachment-post-thumbnail size-post-thumbnail wp-post-image\" alt=\"IA en co-creaci\u00f3n: c\u00f3mo prototipar en vivo con inteligencia, sin artificialidad\" style=\"border-top-left-radius:24px;border-bottom-left-radius:0px;border-top-right-radius:24px;object-fit:cover;\" srcset=\"https:\/\/www.gentedemente.info\/wp-content\/uploads\/2026\/04\/ARTIFICIALMENTE-5.png 1080w, https:\/\/www.gentedemente.info\/wp-content\/uploads\/2026\/04\/ARTIFICIALMENTE-5-240x300.png 240w, https:\/\/www.gentedemente.info\/wp-content\/uploads\/2026\/04\/ARTIFICIALMENTE-5-819x1024.png 819w, https:\/\/www.gentedemente.info\/wp-content\/uploads\/2026\/04\/ARTIFICIALMENTE-5-768x960.png 768w\" sizes=\"auto, (max-width: 1080px) 100vw, 1080px\" \/><\/a><\/figure><\/div>\n\n\n\n<div class=\"wp-block-group blog-content has-global-padding is-layout-constrained wp-container-core-group-is-layout-b9b1fdc2 wp-block-group-is-layout-constrained\" style=\"border-style:none;border-width:0px;border-top-left-radius:0px;border-top-right-radius:20px;border-bottom-left-radius:0px;border-bottom-right-radius:20px;margin-top:0;margin-bottom:0;padding-top:20px;padding-right:30px;padding-bottom:20px;padding-left:30px\">\n<div class=\"wp-block-group blog-meta has-secondary-color has-text-color has-link-color has-roboto-flex-font-family wp-elements-7a45679e4df06eacae425166408abb0c is-content-justification-space-between is-nowrap is-layout-flex wp-container-core-group-is-layout-cb46ffcb wp-block-group-is-layout-flex\" style=\"font-size:18px;font-style:normal;font-weight:500\"><div class=\"wp-block-post-date\"><time datetime=\"2026-04-22T12:45:07-03:00\">22 Abr,  2026<\/time><\/div>\n\n<\/div>\n\n\n<h2 style=\"font-size:25px;font-style:normal;font-weight:600;\" class=\"has-link-color wp-elements-5644aeaafee0ab5cc59d495f67056d58 wp-block-post-title has-text-color has-secondary-one-color has-rajdhani-font-family\"><a href=\"https:\/\/www.gentedemente.info\/?p=1699\" target=\"_self\" >IA en co-creaci\u00f3n: c\u00f3mo prototipar en vivo con inteligencia, sin artificialidad<\/a><\/h2>\n\n<div style=\"color:#737b8f; font-size:17px;font-style:normal;font-weight:400;\" class=\"has-link-color wp-elements-108bb6f95fcfd61636f98939d7c9cab8 wp-block-post-excerpt has-text-color has-roboto-flex-font-family\"><p class=\"wp-block-post-excerpt__excerpt\">Desde que Gentedemente existe, la co-creaci\u00f3n est\u00e1 en nuestro ADN. Fue de las primeras cosas&hellip; <\/p><\/div>\n\n<a style=\"font-size:18px;font-style:normal;font-weight:600;\" class=\"wp-elements-eff302e9f3eb496688ad88f5eeb628de wp-block-read-more has-text-color has-secondary-accent-text-color has-rajdhani-font-family\" href=\"https:\/\/www.gentedemente.info\/?p=1699\" target=\"_self\">Leer m\u00e1s<span class=\"screen-reader-text\">: IA en co-creaci\u00f3n: c\u00f3mo prototipar en vivo con inteligencia, sin artificialidad<\/span><\/a><\/div>\n<\/div>\n\n<\/li><li class=\"wp-block-post post-1658 post type-post status-publish format-standard has-post-thumbnail hentry category-proposito category-uncategorized\">\n\n<div class=\"wp-block-group blog-box has-background has-global-padding is-layout-constrained wp-container-core-group-is-layout-14bf73ab wp-block-group-is-layout-constrained\" style=\"border-style:none;border-width:0px;border-radius:24px;background-color:#ffffffd1;padding-top:0;padding-bottom:0\">\n<div class=\"wp-block-group blog-image has-secaccent-background-color has-background has-global-padding is-layout-constrained wp-container-core-group-is-layout-f5c98baf wp-block-group-is-layout-constrained\" style=\"border-top-left-radius:30px;border-top-right-radius:30px;border-bottom-left-radius:0px;border-bottom-right-radius:0px;padding-top:0px;padding-right:0px;padding-bottom:0px;padding-left:0px\"><figure style=\"margin-top:0;margin-bottom:0;\" class=\"wp-block-post-featured-image\"><a href=\"https:\/\/www.gentedemente.info\/?p=1658\" target=\"_self\"  ><img loading=\"lazy\" decoding=\"async\" width=\"1080\" height=\"1350\" src=\"https:\/\/www.gentedemente.info\/wp-content\/uploads\/2026\/03\/1.png\" class=\"attachment-post-thumbnail size-post-thumbnail wp-post-image\" alt=\"Insights con prop\u00f3sito: mujeres y tecnolog\u00eda\" style=\"border-top-left-radius:24px;border-bottom-left-radius:0px;border-top-right-radius:24px;object-fit:cover;\" srcset=\"https:\/\/www.gentedemente.info\/wp-content\/uploads\/2026\/03\/1.png 1080w, https:\/\/www.gentedemente.info\/wp-content\/uploads\/2026\/03\/1-240x300.png 240w, https:\/\/www.gentedemente.info\/wp-content\/uploads\/2026\/03\/1-819x1024.png 819w, https:\/\/www.gentedemente.info\/wp-content\/uploads\/2026\/03\/1-768x960.png 768w\" sizes=\"auto, (max-width: 1080px) 100vw, 1080px\" \/><\/a><\/figure><\/div>\n\n\n\n<div class=\"wp-block-group blog-content has-global-padding is-layout-constrained wp-container-core-group-is-layout-b9b1fdc2 wp-block-group-is-layout-constrained\" style=\"border-style:none;border-width:0px;border-top-left-radius:0px;border-top-right-radius:20px;border-bottom-left-radius:0px;border-bottom-right-radius:20px;margin-top:0;margin-bottom:0;padding-top:20px;padding-right:30px;padding-bottom:20px;padding-left:30px\">\n<div class=\"wp-block-group blog-meta has-secondary-color has-text-color has-link-color has-roboto-flex-font-family wp-elements-7a45679e4df06eacae425166408abb0c is-content-justification-space-between is-nowrap is-layout-flex wp-container-core-group-is-layout-cb46ffcb wp-block-group-is-layout-flex\" style=\"font-size:18px;font-style:normal;font-weight:500\"><div class=\"wp-block-post-date\"><time datetime=\"2026-03-08T21:11:15-03:00\">8 Mar,  2026<\/time><\/div>\n\n<\/div>\n\n\n<h2 style=\"font-size:25px;font-style:normal;font-weight:600;\" class=\"has-link-color wp-elements-5644aeaafee0ab5cc59d495f67056d58 wp-block-post-title has-text-color has-secondary-one-color has-rajdhani-font-family\"><a href=\"https:\/\/www.gentedemente.info\/?p=1658\" target=\"_self\" >Insights con prop\u00f3sito: mujeres y tecnolog\u00eda<\/a><\/h2>\n\n<div style=\"color:#737b8f; font-size:17px;font-style:normal;font-weight:400;\" class=\"has-link-color wp-elements-108bb6f95fcfd61636f98939d7c9cab8 wp-block-post-excerpt has-text-color has-roboto-flex-font-family\"><p class=\"wp-block-post-excerpt__excerpt\">Hoy es #D\u00edaDeLaMujer y quisimos mirar de cerca la relaci\u00f3n entre mujeres y tecnolog\u00eda en&hellip; <\/p><\/div>\n\n<a style=\"font-size:18px;font-style:normal;font-weight:600;\" class=\"wp-elements-eff302e9f3eb496688ad88f5eeb628de wp-block-read-more has-text-color has-secondary-accent-text-color has-rajdhani-font-family\" href=\"https:\/\/www.gentedemente.info\/?p=1658\" target=\"_self\">Leer m\u00e1s<span class=\"screen-reader-text\">: Insights con prop\u00f3sito: mujeres y tecnolog\u00eda<\/span><\/a><\/div>\n<\/div>\n\n<\/li><li class=\"wp-block-post post-1653 post type-post status-publish format-standard has-post-thumbnail hentry category-comunicacion\">\n\n<div class=\"wp-block-group blog-box has-background has-global-padding is-layout-constrained wp-container-core-group-is-layout-14bf73ab wp-block-group-is-layout-constrained\" style=\"border-style:none;border-width:0px;border-radius:24px;background-color:#ffffffd1;padding-top:0;padding-bottom:0\">\n<div class=\"wp-block-group blog-image has-secaccent-background-color has-background has-global-padding is-layout-constrained wp-container-core-group-is-layout-f5c98baf wp-block-group-is-layout-constrained\" style=\"border-top-left-radius:30px;border-top-right-radius:30px;border-bottom-left-radius:0px;border-bottom-right-radius:0px;padding-top:0px;padding-right:0px;padding-bottom:0px;padding-left:0px\"><figure style=\"margin-top:0;margin-bottom:0;\" class=\"wp-block-post-featured-image\"><a href=\"https:\/\/www.gentedemente.info\/?p=1653\" target=\"_self\"  ><img loading=\"lazy\" decoding=\"async\" width=\"1136\" height=\"674\" src=\"https:\/\/www.gentedemente.info\/wp-content\/uploads\/2026\/02\/Screenshot-2026-02-10-134515.png\" class=\"attachment-post-thumbnail size-post-thumbnail wp-post-image\" alt=\"C\u00f3mo hablar de rendimiento sin hablar de rendimiento: el insight detr\u00e1s de \u201cRecargadores Recuperados\u201d para CIF\" style=\"border-top-left-radius:24px;border-bottom-left-radius:0px;border-top-right-radius:24px;object-fit:cover;\" srcset=\"https:\/\/www.gentedemente.info\/wp-content\/uploads\/2026\/02\/Screenshot-2026-02-10-134515.png 1136w, https:\/\/www.gentedemente.info\/wp-content\/uploads\/2026\/02\/Screenshot-2026-02-10-134515-300x178.png 300w, https:\/\/www.gentedemente.info\/wp-content\/uploads\/2026\/02\/Screenshot-2026-02-10-134515-1024x608.png 1024w, https:\/\/www.gentedemente.info\/wp-content\/uploads\/2026\/02\/Screenshot-2026-02-10-134515-768x456.png 768w\" sizes=\"auto, (max-width: 1136px) 100vw, 1136px\" \/><\/a><\/figure><\/div>\n\n\n\n<div class=\"wp-block-group blog-content has-global-padding is-layout-constrained wp-container-core-group-is-layout-b9b1fdc2 wp-block-group-is-layout-constrained\" style=\"border-style:none;border-width:0px;border-top-left-radius:0px;border-top-right-radius:20px;border-bottom-left-radius:0px;border-bottom-right-radius:20px;margin-top:0;margin-bottom:0;padding-top:20px;padding-right:30px;padding-bottom:20px;padding-left:30px\">\n<div class=\"wp-block-group blog-meta has-secondary-color has-text-color has-link-color has-roboto-flex-font-family wp-elements-7a45679e4df06eacae425166408abb0c is-content-justification-space-between is-nowrap is-layout-flex wp-container-core-group-is-layout-cb46ffcb wp-block-group-is-layout-flex\" style=\"font-size:18px;font-style:normal;font-weight:500\"><div class=\"wp-block-post-date\"><time datetime=\"2026-03-04T13:45:25-03:00\">4 Mar,  2026<\/time><\/div>\n\n<\/div>\n\n\n<h2 style=\"font-size:25px;font-style:normal;font-weight:600;\" class=\"has-link-color wp-elements-5644aeaafee0ab5cc59d495f67056d58 wp-block-post-title has-text-color has-secondary-one-color has-rajdhani-font-family\"><a href=\"https:\/\/www.gentedemente.info\/?p=1653\" target=\"_self\" >C\u00f3mo hablar de rendimiento sin hablar de rendimiento: el insight detr\u00e1s de \u201cRecargadores Recuperados\u201d para CIF<\/a><\/h2>\n\n<div style=\"color:#737b8f; font-size:17px;font-style:normal;font-weight:400;\" class=\"has-link-color wp-elements-108bb6f95fcfd61636f98939d7c9cab8 wp-block-post-excerpt has-text-color has-roboto-flex-font-family\"><p class=\"wp-block-post-excerpt__excerpt\">Cuando CIF nos convoc\u00f3, el desaf\u00edo era claro y complejo a la vez:\ud83d\udc49 encontrar una&hellip; <\/p><\/div>\n\n<a style=\"font-size:18px;font-style:normal;font-weight:600;\" class=\"wp-elements-eff302e9f3eb496688ad88f5eeb628de wp-block-read-more has-text-color has-secondary-accent-text-color has-rajdhani-font-family\" href=\"https:\/\/www.gentedemente.info\/?p=1653\" target=\"_self\">Leer m\u00e1s<span class=\"screen-reader-text\">: C\u00f3mo hablar de rendimiento sin hablar de rendimiento: el insight detr\u00e1s de \u201cRecargadores Recuperados\u201d para CIF<\/span><\/a><\/div>\n<\/div>\n\n<\/li><li class=\"wp-block-post post-1635 post type-post status-publish format-standard has-post-thumbnail hentry category-uncategorized\">\n\n<div class=\"wp-block-group blog-box has-background has-global-padding is-layout-constrained wp-container-core-group-is-layout-14bf73ab wp-block-group-is-layout-constrained\" style=\"border-style:none;border-width:0px;border-radius:24px;background-color:#ffffffd1;padding-top:0;padding-bottom:0\">\n<div class=\"wp-block-group blog-image has-secaccent-background-color has-background has-global-padding is-layout-constrained wp-container-core-group-is-layout-f5c98baf wp-block-group-is-layout-constrained\" style=\"border-top-left-radius:30px;border-top-right-radius:30px;border-bottom-left-radius:0px;border-bottom-right-radius:0px;padding-top:0px;padding-right:0px;padding-bottom:0px;padding-left:0px\"><figure style=\"margin-top:0;margin-bottom:0;\" class=\"wp-block-post-featured-image\"><a href=\"https:\/\/www.gentedemente.info\/?p=1635\" target=\"_self\"  ><img loading=\"lazy\" decoding=\"async\" width=\"1080\" height=\"1350\" src=\"https:\/\/www.gentedemente.info\/wp-content\/uploads\/2026\/02\/ARTIFICIALMENTE-3.png\" class=\"attachment-post-thumbnail size-post-thumbnail wp-post-image\" alt=\"Promptear una IA cualitativa: volver a hacer bien el cualitativo\" style=\"border-top-left-radius:24px;border-bottom-left-radius:0px;border-top-right-radius:24px;object-fit:cover;\" srcset=\"https:\/\/www.gentedemente.info\/wp-content\/uploads\/2026\/02\/ARTIFICIALMENTE-3.png 1080w, https:\/\/www.gentedemente.info\/wp-content\/uploads\/2026\/02\/ARTIFICIALMENTE-3-240x300.png 240w, https:\/\/www.gentedemente.info\/wp-content\/uploads\/2026\/02\/ARTIFICIALMENTE-3-819x1024.png 819w, https:\/\/www.gentedemente.info\/wp-content\/uploads\/2026\/02\/ARTIFICIALMENTE-3-768x960.png 768w\" sizes=\"auto, (max-width: 1080px) 100vw, 1080px\" \/><\/a><\/figure><\/div>\n\n\n\n<div class=\"wp-block-group blog-content has-global-padding is-layout-constrained wp-container-core-group-is-layout-b9b1fdc2 wp-block-group-is-layout-constrained\" style=\"border-style:none;border-width:0px;border-top-left-radius:0px;border-top-right-radius:20px;border-bottom-left-radius:0px;border-bottom-right-radius:20px;margin-top:0;margin-bottom:0;padding-top:20px;padding-right:30px;padding-bottom:20px;padding-left:30px\">\n<div class=\"wp-block-group blog-meta has-secondary-color has-text-color has-link-color has-roboto-flex-font-family wp-elements-7a45679e4df06eacae425166408abb0c is-content-justification-space-between is-nowrap is-layout-flex wp-container-core-group-is-layout-cb46ffcb wp-block-group-is-layout-flex\" style=\"font-size:18px;font-style:normal;font-weight:500\"><div class=\"wp-block-post-date\"><time datetime=\"2026-02-25T19:42:06-03:00\">25 Feb,  2026<\/time><\/div>\n\n<\/div>\n\n\n<h2 style=\"font-size:25px;font-style:normal;font-weight:600;\" class=\"has-link-color wp-elements-5644aeaafee0ab5cc59d495f67056d58 wp-block-post-title has-text-color has-secondary-one-color has-rajdhani-font-family\"><a href=\"https:\/\/www.gentedemente.info\/?p=1635\" target=\"_self\" >Promptear una IA cualitativa: volver a hacer bien el cualitativo<\/a><\/h2>\n\n<div style=\"color:#737b8f; font-size:17px;font-style:normal;font-weight:400;\" class=\"has-link-color wp-elements-108bb6f95fcfd61636f98939d7c9cab8 wp-block-post-excerpt has-text-color has-roboto-flex-font-family\"><p class=\"wp-block-post-excerpt__excerpt\">Cuando aceptamos el desaf\u00edo de integrar IA cualitativa en nuestros proyectos, hicimos un scouting de&hellip; <\/p><\/div>\n\n<a style=\"font-size:18px;font-style:normal;font-weight:600;\" class=\"wp-elements-eff302e9f3eb496688ad88f5eeb628de wp-block-read-more has-text-color has-secondary-accent-text-color has-rajdhani-font-family\" href=\"https:\/\/www.gentedemente.info\/?p=1635\" target=\"_self\">Leer m\u00e1s<span class=\"screen-reader-text\">: Promptear una IA cualitativa: volver a hacer bien el cualitativo<\/span><\/a><\/div>\n<\/div>\n\n<\/li><li class=\"wp-block-post post-1631 post type-post status-publish format-standard has-post-thumbnail hentry category-uncategorized\">\n\n<div class=\"wp-block-group blog-box has-background has-global-padding is-layout-constrained wp-container-core-group-is-layout-14bf73ab wp-block-group-is-layout-constrained\" style=\"border-style:none;border-width:0px;border-radius:24px;background-color:#ffffffd1;padding-top:0;padding-bottom:0\">\n<div class=\"wp-block-group blog-image has-secaccent-background-color has-background has-global-padding is-layout-constrained wp-container-core-group-is-layout-f5c98baf wp-block-group-is-layout-constrained\" style=\"border-top-left-radius:30px;border-top-right-radius:30px;border-bottom-left-radius:0px;border-bottom-right-radius:0px;padding-top:0px;padding-right:0px;padding-bottom:0px;padding-left:0px\"><figure style=\"margin-top:0;margin-bottom:0;\" class=\"wp-block-post-featured-image\"><a href=\"https:\/\/www.gentedemente.info\/?p=1631\" target=\"_self\"  ><img loading=\"lazy\" decoding=\"async\" width=\"1080\" height=\"1350\" src=\"https:\/\/www.gentedemente.info\/wp-content\/uploads\/2026\/02\/3.png\" class=\"attachment-post-thumbnail size-post-thumbnail wp-post-image\" alt=\"Te presentamos a sof.iA\" style=\"border-top-left-radius:24px;border-bottom-left-radius:0px;border-top-right-radius:24px;object-fit:cover;\" srcset=\"https:\/\/www.gentedemente.info\/wp-content\/uploads\/2026\/02\/3.png 1080w, https:\/\/www.gentedemente.info\/wp-content\/uploads\/2026\/02\/3-240x300.png 240w, https:\/\/www.gentedemente.info\/wp-content\/uploads\/2026\/02\/3-819x1024.png 819w, https:\/\/www.gentedemente.info\/wp-content\/uploads\/2026\/02\/3-768x960.png 768w\" sizes=\"auto, (max-width: 1080px) 100vw, 1080px\" \/><\/a><\/figure><\/div>\n\n\n\n<div class=\"wp-block-group blog-content has-global-padding is-layout-constrained wp-container-core-group-is-layout-b9b1fdc2 wp-block-group-is-layout-constrained\" style=\"border-style:none;border-width:0px;border-top-left-radius:0px;border-top-right-radius:20px;border-bottom-left-radius:0px;border-bottom-right-radius:20px;margin-top:0;margin-bottom:0;padding-top:20px;padding-right:30px;padding-bottom:20px;padding-left:30px\">\n<div class=\"wp-block-group blog-meta has-secondary-color has-text-color has-link-color has-roboto-flex-font-family wp-elements-7a45679e4df06eacae425166408abb0c is-content-justification-space-between is-nowrap is-layout-flex wp-container-core-group-is-layout-cb46ffcb wp-block-group-is-layout-flex\" style=\"font-size:18px;font-style:normal;font-weight:500\"><div class=\"wp-block-post-date\"><time datetime=\"2026-02-19T09:40:00-03:00\">19 Feb,  2026<\/time><\/div>\n\n<\/div>\n\n\n<h2 style=\"font-size:25px;font-style:normal;font-weight:600;\" class=\"has-link-color wp-elements-5644aeaafee0ab5cc59d495f67056d58 wp-block-post-title has-text-color has-secondary-one-color has-rajdhani-font-family\"><a href=\"https:\/\/www.gentedemente.info\/?p=1631\" target=\"_self\" >Te presentamos a sof.iA<\/a><\/h2>\n\n<div style=\"color:#737b8f; font-size:17px;font-style:normal;font-weight:400;\" class=\"has-link-color wp-elements-108bb6f95fcfd61636f98939d7c9cab8 wp-block-post-excerpt has-text-color has-roboto-flex-font-family\"><p class=\"wp-block-post-excerpt__excerpt\">Hoy queremos presentarles a sof.iA,nuevx integrante del equipo de Gentedemente. Sof.iA es nuestra inteligencia artificial&hellip; <\/p><\/div>\n\n<a style=\"font-size:18px;font-style:normal;font-weight:600;\" class=\"wp-elements-eff302e9f3eb496688ad88f5eeb628de wp-block-read-more has-text-color has-secondary-accent-text-color has-rajdhani-font-family\" href=\"https:\/\/www.gentedemente.info\/?p=1631\" target=\"_self\">Leer m\u00e1s<span class=\"screen-reader-text\">: Te presentamos a sof.iA<\/span><\/a><\/div>\n<\/div>\n\n<\/li><li class=\"wp-block-post post-1648 post type-post status-publish format-standard has-post-thumbnail hentry category-comunicacion category-proposito\">\n\n<div class=\"wp-block-group blog-box has-background has-global-padding is-layout-constrained wp-container-core-group-is-layout-14bf73ab wp-block-group-is-layout-constrained\" style=\"border-style:none;border-width:0px;border-radius:24px;background-color:#ffffffd1;padding-top:0;padding-bottom:0\">\n<div class=\"wp-block-group blog-image has-secaccent-background-color has-background has-global-padding is-layout-constrained wp-container-core-group-is-layout-f5c98baf wp-block-group-is-layout-constrained\" style=\"border-top-left-radius:30px;border-top-right-radius:30px;border-bottom-left-radius:0px;border-bottom-right-radius:0px;padding-top:0px;padding-right:0px;padding-bottom:0px;padding-left:0px\"><figure style=\"margin-top:0;margin-bottom:0;\" class=\"wp-block-post-featured-image\"><a href=\"https:\/\/www.gentedemente.info\/?p=1648\" target=\"_self\"  ><img loading=\"lazy\" decoding=\"async\" width=\"1153\" height=\"659\" src=\"https:\/\/www.gentedemente.info\/wp-content\/uploads\/2026\/02\/Screenshot-2026-02-10-132900.png\" class=\"attachment-post-thumbnail size-post-thumbnail wp-post-image\" alt=\"Cuando las sobras dejan de ser sobras: el insight detr\u00e1s de \u201cConchitos\u201d para Hellmann\u2019s\" style=\"border-top-left-radius:24px;border-bottom-left-radius:0px;border-top-right-radius:24px;object-fit:cover;\" srcset=\"https:\/\/www.gentedemente.info\/wp-content\/uploads\/2026\/02\/Screenshot-2026-02-10-132900.png 1153w, https:\/\/www.gentedemente.info\/wp-content\/uploads\/2026\/02\/Screenshot-2026-02-10-132900-300x171.png 300w, https:\/\/www.gentedemente.info\/wp-content\/uploads\/2026\/02\/Screenshot-2026-02-10-132900-1024x585.png 1024w, https:\/\/www.gentedemente.info\/wp-content\/uploads\/2026\/02\/Screenshot-2026-02-10-132900-768x439.png 768w\" sizes=\"auto, (max-width: 1153px) 100vw, 1153px\" \/><\/a><\/figure><\/div>\n\n\n\n<div class=\"wp-block-group blog-content has-global-padding is-layout-constrained wp-container-core-group-is-layout-b9b1fdc2 wp-block-group-is-layout-constrained\" style=\"border-style:none;border-width:0px;border-top-left-radius:0px;border-top-right-radius:20px;border-bottom-left-radius:0px;border-bottom-right-radius:20px;margin-top:0;margin-bottom:0;padding-top:20px;padding-right:30px;padding-bottom:20px;padding-left:30px\">\n<div class=\"wp-block-group blog-meta has-secondary-color has-text-color has-link-color has-roboto-flex-font-family wp-elements-7a45679e4df06eacae425166408abb0c is-content-justification-space-between is-nowrap is-layout-flex wp-container-core-group-is-layout-cb46ffcb wp-block-group-is-layout-flex\" style=\"font-size:18px;font-style:normal;font-weight:500\"><div class=\"wp-block-post-date\"><time datetime=\"2026-02-12T09:30:00-03:00\">12 Feb,  2026<\/time><\/div>\n\n<\/div>\n\n\n<h2 style=\"font-size:25px;font-style:normal;font-weight:600;\" class=\"has-link-color wp-elements-5644aeaafee0ab5cc59d495f67056d58 wp-block-post-title has-text-color has-secondary-one-color has-rajdhani-font-family\"><a href=\"https:\/\/www.gentedemente.info\/?p=1648\" target=\"_self\" >Cuando las sobras dejan de ser sobras: el insight detr\u00e1s de \u201cConchitos\u201d para Hellmann\u2019s<\/a><\/h2>\n\n<div style=\"color:#737b8f; font-size:17px;font-style:normal;font-weight:400;\" class=\"has-link-color wp-elements-108bb6f95fcfd61636f98939d7c9cab8 wp-block-post-excerpt has-text-color has-roboto-flex-font-family\"><p class=\"wp-block-post-excerpt__excerpt\">Trabajamos junto a Hellmann\u2019s en una serie de estudios orientados a potenciar su prop\u00f3sito marcario:&hellip; <\/p><\/div>\n\n<a style=\"font-size:18px;font-style:normal;font-weight:600;\" class=\"wp-elements-eff302e9f3eb496688ad88f5eeb628de wp-block-read-more has-text-color has-secondary-accent-text-color has-rajdhani-font-family\" href=\"https:\/\/www.gentedemente.info\/?p=1648\" target=\"_self\">Leer m\u00e1s<span class=\"screen-reader-text\">: Cuando las sobras dejan de ser sobras: el insight detr\u00e1s de \u201cConchitos\u201d para Hellmann\u2019s<\/span><\/a><\/div>\n<\/div>\n\n<\/li><\/ul>\n\n<nav class=\"wp-block-query-pagination has-large-font-size is-horizontal is-content-justification-center is-layout-flex wp-container-core-query-pagination-is-layout-03627597 wp-block-query-pagination-is-layout-flex\" aria-label=\"Paginaci\u00f3n\">\n\n\n\n\n<a href=\"\/index.php?rest_route=%2Fwp%2Fv2%2Fpages%2F1315&#038;query-11-page=2\" class=\"wp-block-query-pagination-next\">P\u00e1gina siguiente<span class='wp-block-query-pagination-next-arrow is-arrow-chevron' aria-hidden='true'>\u00bb<\/span><\/a>\n<\/nav><\/div>\n<\/div>\n<\/main>\n<\/main>\n","protected":false},"excerpt":{"rendered":"","protected":false},"author":1,"featured_media":0,"parent":0,"menu_order":0,"comment_status":"closed","ping_status":"closed","template":"","meta":{"footnotes":""},"class_list":["post-1315","page","type-page","status-publish","hentry"],"_links":{"self":[{"href":"https:\/\/www.gentedemente.info\/index.php?rest_route=\/wp\/v2\/pages\/1315","targetHints":{"allow":["GET"]}}],"collection":[{"href":"https:\/\/www.gentedemente.info\/index.php?rest_route=\/wp\/v2\/pages"}],"about":[{"href":"https:\/\/www.gentedemente.info\/index.php?rest_route=\/wp\/v2\/types\/page"}],"author":[{"embeddable":true,"href":"https:\/\/www.gentedemente.info\/index.php?rest_route=\/wp\/v2\/users\/1"}],"replies":[{"embeddable":true,"href":"https:\/\/www.gentedemente.info\/index.php?rest_route=%2Fwp%2Fv2%2Fcomments&post=1315"}],"version-history":[{"count":6,"href":"https:\/\/www.gentedemente.info\/index.php?rest_route=\/wp\/v2\/pages\/1315\/revisions"}],"predecessor-version":[{"id":1426,"href":"https:\/\/www.gentedemente.info\/index.php?rest_route=\/wp\/v2\/pages\/1315\/revisions\/1426"}],"wp:attachment":[{"href":"https:\/\/www.gentedemente.info\/index.php?rest_route=%2Fwp%2Fv2%2Fmedia&parent=1315"}],"curies":[{"name":"wp","href":"https:\/\/api.w.org\/{rel}","templated":true}]}}